h.
9
Let r(s) = 71*s + 873. Let u be r(-9). What is the greatest common divisor of u and 5382?
234
Suppose 4*y = -32 + 28. Let o be (11 + y)*(-649)/(-22) - 4. Suppose 2*s - 2*m = 77 + 67, 0 = -4*s + 3*m + o. What is the highest common divisor of 30 and s?
15
Let n be ((-5)/(-25))/(((-1)/15)/((-10)/6)). What is the highest common factor of 220 and n?
5
Suppose -228 - 437 = -35*v. Let n be (-150)/(-8) + 1/4. Calculate the highest common divisor of n and v.
19
Let p(x) = -16*x - 32. Let u be p(-5). Suppose -u = -8*t + 4*t. Let d be (t/6 - 1) + 40/2. What is the greatest common factor of 21 and d?
21
Let n(s) = 8 + 2 - 9 + 2*s**2 + 3*s - 3*s**3. Let k be n(-1). Let q be -2*(-2 - (k + -1)). What is the highest common divisor of 28 and q?
4
Suppose -5*q + 2*q = 5*l + 1731, 2*q - 1746 = 5*l. Let h = -342 - l. What is the greatest common factor of 129 and h?
3
Let v(z) = -z**3 - 5*z**2 + 6*z - 22. Let y = -34 + 27. Let i be v(y). Calculate the greatest common divisor of i and 34.
34
Let n be (-40)/(-30) - (-11)/(165/1030). Calculate the greatest common divisor of n and 14616.
14
Suppose 149 - 153 = 4*n, 541 = 3*y - n. Suppose 0 = -2*w - w + 135. Calculate the highest common divisor of y and w.
45
Suppose 11*l - 29 = -4*h + 16*l, 3*h + 4*l = 14. Calculate the highest common factor of h and 384.
6
Suppose 0 = -j - 308*j + 35226. Calculate the highest common divisor of j and 18.
6
Let y be (44/6)/(15/855). Let f(o) = -o**3 + 31*o**2 + 140*o + 38. Let s be f(35). Calculate the greatest common divisor of y and s.
38
Let q = 13595 + -13077. What is the highest common factor of 20979 and q?
259
Let p = -1965 + 1971. Suppose 63 = 2*a - 69. Calculate the highest common factor of p and a.
6
Let r(g) = -35*g + 24*g - 22 + 16*g. Let x be r(9). Let z = x - 11. What is the highest common divisor of 6 and z?
6
Let l be 4/30 + 130/150 - -4. What is the highest common divisor of l and 53?
1
Suppose -71*r - 311 = -130*r + 1931. What is the highest common factor of 39938 and r?
38
Let y be (-3*2/4)/((-378)/2268). Let g(b) = b**3 + 39*b**2 + 37*b - 35. Let k be g(-38). What is the highest common divisor of y and k?
3
Suppose 0 = 71*g - 63620 - 83827 - 101692. What is the highest common divisor of 29 and g?
29
Suppose 8*v - 2*g - 585 = 3*v, 110 = v + g. Let y = v + 29. Suppose 5*x = m - 24, -6*x + 21 = 4*m - x. What is the greatest common divisor of y and m?
9
Let b(d) be the second derivative of d**5/20 - 2*d**4/3 + 13*d**3/6 + 14*d**2 - 14*d + 2. Let p be b(7). What is the greatest common factor of p and 35?
35
Let c(r) = r + 6. Let u be c(-5). Let k be (4 + -3)/(u/33). Suppose 48 = 8*w - 40. What is the highest common factor of k and w?
11
Suppose 28*s - 85*s = -27132. Calculate the greatest common factor of 408 and s.
68
Let l be -24*4/16*(3 + -5). Let z(v) = -2*v**2 + 23*v + 74. Let m be z(l). What is the highest common divisor of 496 and m?
62
Suppose 48*s - 8*s - 1760 = 0. What is the highest common divisor of s and 2816?
44
Let s(h) = -4*h + 6. Let p be s(14). Let o be 3/5 - 1970/p. Suppose -10*n + 5 = -9*n. What is the greatest common divisor of n and o?
5
Let z(g) = g**3 - 16*g**2 - 14*g - 38. Let a be z(17). Let i = 38 - -1. What is the greatest common factor of a and i?
13
Let q = 9843 - 9651. What is the greatest common divisor of q and 6?
6
Suppose -2*k - 9*s = -5*s - 104, 11*s - 66 = 0. Suppose 0*j = -3*j + 48. What is the greatest common divisor of j and k?
8
Let z be 1/(-4) + 1604/16. Let a be (-2)/5 - (-192)/30. Let l be ((-9)/6)/(a/(-160)). What is the highest common divisor of z and l?
20
Suppose 0*r - 5*r = -210. Suppose -5*y = -9*y + 20*y - 3808. Calculate the highest common divisor of r and y.
14
Let q be (-27)/(-12) - 15/(-20). Let j be -30 - -1 - (-5)/5. Let m = j - -49. What is the highest common factor of m and q?
3
Let b = 5 + 5. Suppose 0 = 10*v - 9*v - 2*j - 22, 0 = 6*v - 2*j - 72. What is the greatest common factor of v and b?
10
Let j(y) = 2*y**2 + 3*y. Let v be j(5). Let p be (-195)/45*3 - -26. Calculate the greatest common factor of p and v.
13
Suppose -11*o + 4128 - 883 = 0. Calculate the greatest common factor of 118 and o.
59
Let q = -14 - -18. Suppose q*w - 251 = -0*w + 5*y, 0 = -5*w - y + 350. What is the highest common factor of 3 and w?
3
Let i be (6/(-4))/(105/770). Let a(t) = -t**3 - 11*t**2 - 7*t - 11. Let r be a(i). Calculate the highest common factor of r and 330.
66
Suppose 137 - 131 = 3*u. What is the greatest common divisor of u and 178?
2
Suppose -483 = 2*j - 529. Suppose j*u = 760 + 2138. Calculate the greatest common factor of u and 56.
14
Let u be (48/20)/6 - (-8)/5. Suppose 0 = -l - 0*l, -u*l - 324 = 3*n. Let r be n/(-90)*(-1 - (-1 + -165)). What is the highest common divisor of 18 and r?
18
Suppose -6*y = 23*y - 2552. What is the highest common factor of y and 88?
88
Let a = 53 + -45. Suppose 3*u + a = 7*u. Let r be u*-5*4/(-10). Calculate the greatest common factor of r and 28.
4
Let c(f) = f**2 + 5*f - 15. Let d be (1 - 0)*(-18 + 11). Let v be c(d). Let t be ((-612)/2)/(-2) - v. What is the greatest common divisor of t and 14?
14
Let k(p) = 2*p + 1. Let t be k(-12). Let z = 28 + t. Suppose -4*c - 29 = -3*j, -4*j - z*c = -5*j + 6. Calculate the highest common divisor of 11 and j.
11
Let d be ((-18)/(-14))/(141/68761). What is the greatest common factor of 165 and d?
33
Let s(m) = -164*m + 756. Let z be s(0). What is the highest common divisor of 24 and z?
12
Suppose -12*h = -3*q - 15*h + 684, q - 5*h - 180 = 0. What is the greatest common factor of q and 12980?
220
Let v = 198 + -167. Suppose v = 5*z - 4*z + h, -3*z + 97 = -h. Calculate the highest common factor of 48 and z.
16
Let b(x) = 53*x - 165*x + 10 - 10*x**3 + 63*x + 54*x. Let q be b(-2). What is the highest common divisor of 10 and q?
10
Let u be (4 - 6/(-3))*(-4)/(-12). Suppose 5*r - 101 = -5*h + u*r, 4*r + 87 = 5*h. Let p = -2 + 21. Calculate the greatest common factor of h and p.
19
Let l(a) = -2*a**3 - 2*a**2 + a + 8. Suppose 0 = -2*i + 12 + 20. Let b = -20 + i. Let z be l(b). Calculate the highest common factor of 20 and z.
20
Suppose 0 = -2*g - g - 33. Let m(v) = 9*v + 19*v + 51 + 14*v - 39*v - 7. Let u be m(g). Calculate the greatest common factor of 33 and u.
11
Let p = 10300 + -2566. Calculate the highest common divisor of p and 24.
6
Let q(b) = -b**2 + 28*b. Let d be q(2). Calculate the greatest common divisor of d and 1079.
13
Let m = 9008 + -8983. Calculate the highest common factor of m and 14975.
25
Let p = 50499 + -50466. Suppose -27 + 5 = -2*u. Calculate the greatest common factor of u and p.
11
Let f be (-355)/(-3) + 2/3. Let m = -203 + 161. Let a = 59 + m. What is the greatest common divisor of a and f?
17
Let l be ((-1)/2)/((-26)/(-6968)). Let o = l + 190. Calculate the greatest common divisor of 126 and o.
14
Suppose 213 + 194 = 37*i - 0. Calculate the greatest common factor of 3883 and i.
11
Let z be 1*6/12*14. Let t = -3 - -2. Let i be (4 + (-18)/4)*154*t. Calculate the greatest common factor of i and z.
7
Suppose 70*b - 26923 - 10790 - 34107 = 0. Calculate the highest common divisor of 24 and b.
6
Let c be ((-4)/(8 - -4) - 0)*-9. Let d be (1 - 1/c) + 851/69. Calculate the greatest common divisor of d and 117.
13
Let t = -16567 + 16727. Suppose 0 = 3*x - 1351 - 809. What is the highest common factor of x and t?
80
Let u be (12/(-32))/((-48)/256). Suppose 2*d + 868 = u*p - 2*d, d = -3*p + 1330. What is the greatest common divisor of 68 and p?
34
Suppose 4*b - 29 - 15 = -4*g, 4*g - 4*b = 52. Suppose 5*o = 4*p + 9*o - 272, 308 = 4*p - 5*o. What is the highest common factor of p and g?
12
Suppose -5*x + 170 = 8*k - 4*k, -3*x + 124 = -2*k. Let r be 5 - (-4 - -2)/2. Suppose -4*v - 152 = -r*v. Calculate the greatest common divisor of x and v.
38
Suppose 3*b - 5*t = -135, -2*b + 5*t - 6 = 84. Let l = -35 - b. Let r be (12/l)/((-18)/(-210)). What is the greatest common factor of r and 35?
7
Suppose 5*m + 20 = 0, -15394 = 228*u - 233*u + m. What is the highest common divisor of 4446 and u?
342
Let i(r) = -r**2 - 78*r - 764. Let t be i(-13). Calculate the greatest common divisor of 504 and t.
9
Suppose 8*w = 4*w - 96. Let n = 31 + w. Suppose -3*l + 41 + n = 0. What is the greatest common factor of 32 and l?
16
Let b be 97749/81 + (-9 - -13)*1